ivided by 49.
34
What is the remainder when 635481107 is divided by 526?
519
Calculate the remainder when 65905 is divided by 909.
457
Calculate the remainder when 1933104 is divided by 18952.
0
What is the remainder when 41626 is divided by 13862?
40
What is the remainder when 17495 is divided by 7318?
2859
What is the remainder when 79123339 is divided by 239?
238
What is the remainder when 13265023 is divided by 18?
13
What is the remainder when 5523655 is divided by 766?
29
What is the remainder when 67275 is divided by 61329?
5946
Calculate the remainder when 126496949 is divided by 3313.
3296
Calculate the remainder when 112662617 is divided by 42.
11
What is the remainder when 8699820 is divided by 8699795?
25
Calculate the remainder when 4940494 is divided by 919.
869
Calculate the remainder when 43785326 is divided by 1426.
1422
What is the remainder when 5134634 is divided by 693?
197
Calculate the remainder when 394305 is divided by 882.
51
Calculate the remainder when 2776168 is divided by 286.
252
What is the remainder when 5236531 is divided by 113?
111
What is the remainder when 93891414 is divided by 668?
6
Calculate the remainder when 402641 is divided by 133647.
1700
What is the remainder when 122326 is divided by 856?
774
What is the remainder when 1437764 is divided by 3834?
14
Calculate the remainder when 385424 is divided by 5284.
4976
What is the remainder when 186341969 is divided by 83?
80
Calculate the remainder when 287749 is divided by 47957.
7
What is the remainder when 286220443 is divided by 48?
43
What is the remainder when 16560401 is divided by 3604?
21
What is the remainder when 5720 is divided by 846?
644
Calculate the remainder when 11209642 is divided by 41.
37
What is the remainder when 1312083 is divided by 655864?
355
What is the remainder when 47772 is divided by 9293?
1307
Calculate the remainder when 12914377 is divided by 1.
0
Calculate the remainder when 24208 is divided by 23083.
1125
What is the remainder when 845137547 is divided by 50?
47
What is the remainder when 705684 is divided by 352832?
20
What is the remainder when 18711159 is divided by 719658?
51
Calculate the remainder when 2918985 is divided by 729700.
185
Calculate the remainder when 288285 is divided by 387.
357
Calculate the remainder when 50476 is divided by 4033.
2080
What is the remainder when 107617 is divided by 10750?
117
What is the remainder when 9054 is divided by 6584?
2470
Calculate the remainder when 14017507 is divided by 531.
169
What is the remainder when 61757 is divided by 1954?
1183
What is the remainder when 3824573 is divided by 1274855?
8
Calculate the remainder when 18396937 is divided by 262810.
237
Calculate the remainder when 59743 is divided by 158.
19
What is the remainder when 75241 is divided by 75094?
147
Calculate the remainder when 3214733 is divided by 1462.
1257
What is the remainder when 23862 is divided by 2560?
822
Calculate the remainder when 40992629 is divided by 111393.
5
Calculate the remainder when 24374221 is divided by 72.
61
What is the remainder when 53425759 is divided by 222?
127
What is the remainder when 50215 is divided by 3525?
865
Calculate the remainder when 48040 is divided by 11590.
1680
What is the remainder when 7651855 is divided by 175?
155
What is the remainder when 50989068 is divided by 509?
502
Calculate the remainder when 42100454 is divided by 6014329.
151
Calculate the remainder when 1346905 is divided by 7360.
25
What is the remainder when 3198282 is divided by 799478?
370
What is the remainder when 997633 is divided by 3348?
3277
What is the remainder when 97735 is divided by 2035?
55
What is the remainder when 1541246 is divided by 192654?
14
Calculate the remainder when 761556 is divided by 4051.
4019
What is the remainder when 5169143 is divided by 532?
231
Calculate the remainder when 15662265 is divided by 85.
80
Calculate the remainder when 690972 is divided by 530.
382
What is the remainder when 34070499 is divided by 11356821?
36
What is the remainder when 57768 is divided by 57549?
219
Calculate the remainder when 42973 is divided by 1068.
253
What is the remainder when 5660174 is divided by 20?
14
What is the remainder when 83850 is divided by 519?
291
What is the remainder when 4667919 is divided by 777985?
9
Calculate the remainder when 53497714 is divided by 1715.
4
Calculate the remainder when 607842 is divided by 756.
18
Calculate the remainder when 83861 is divided by 2487.
1790
Calculate the remainder when 980779 is divided by 15.
4
Calculate the remainder when 453490 is divided by 2782.
24
Calculate the remainder when 1279498659 is divided by 44.
43
What is the remainder when 13851629 is divided by 581?
8
What is the remainder when 81761 is divided by 4848?
4193
Calculate the remainder when 126547 is divided by 405.
187
What is the remainder when 1177333 is divided by 196205?
103
Calculate the remainder when 28643 is divided by 906.
557
What is the remainder when 3446019 is divided by 111161?
28
What is the remainder when 218818039 is divided by 54?
49
What is the remainder when 143277711 is divided by 47823?
3
Calculate the remainder when 625956 is divided by 739.
23
What is the remainder when 34458 is divided by 492?
18
What is the remainder when 5111048 is divided by 63?
47
What is the remainder when 816555 is divided by 4124?
3
Calculate the remainder when 5054142 is divided by 746.
738
What is the remainder when 378304 is divided by 1346?
78
Calculate the remainder when 71574 is divided by 11014.
5490
What is the remainder when 24254163 is divided by 2665?
2663
What is the remainder when 1969887 is divided by 195?
192
What is the remainder when 319346 is divided by 1689?
125
Calculate the remainder when 21957813 is divided by 1219878.
9
What is the remainder when 2087776 is divided by 4442?
36
What is the remainder when 4533624 is divided by 400?
24
What is the remainder when 5426457 is divided by 1577?
0
Calculate the remainder when 50982 is divided by 6177.
1566
Calculate the remainder when 3115222 is divided by 119816.
6
What is the remainder when 85608 is divided by 14264?
24
Calculate the remainder when 292094921 is divided by 3187.
3184
What is the remainder when 23789428 is divided by 369?
367
Calculate the remainder when 1228707 is divided by 3462.
3159
What is the remainder when 17532 is divided by 5833?
33
Calculate the remainder when 80442944 is divided by 115.
99
Calculate the remainder when 18978897 is divided by 1355632.
49
Calculate the remainder when 1503866 is divided by 734.
634
What is the remainder when 124191 is divided by 2778?
1959
What is the remainder when 63527 is divided by 1412?
1399
Calculate the remainder when 30285092 is divided by 1991.
1982
Calculate the remainder when 5260540 is divided by 771.
7
Calculate the remainder when 865202 is divided by 54053.
354
Calculate the remainder when 19421618 is divided by 570.
8
Calculate the remainder when 130314 is divided by 512.
266
Calculate the remainder when 31767841 is divided by 814560.
1
What is the remainder when 55907 is divided by 1193?
1029
Calculate the remainder when 9295756 is divided by 464.
444
What is the remainder when 585106 is divided by 330?
16
Calculate the remainder when 9760345 is divided by 195.
10
Calculate the remainder when 490972 is divided by 918.
760
Calculate the remainder when 442456 is divided by 1586.
1548
Calculate the remainder when 26487 is divided by 6503.
475
What is the remainder when 296425 is divided by 570?
25
Calculate the remainder when 673455 is divided by 212.
143
Calculate the remainder when 124014258 is divided by 13779361.
9
Calculate the remainder when 64760 is divided by 4620.
80
Calculate the remainder when 149235 is divided by 1210.
405
What is the remainder when 523303 is divided by 1006?
183
Calculate the remainder when 49306633 is divided by 494.
493
Calculate the remainder when 8461 is divided by 1438.
1271
What is the remainder when 2992017 is divided by 1949?
302
Calculate the remainder when 22565139 is divided by 2435.
2429
Calculate the remainder when 924128 is divided by 1361.
9
What is the remainder when 20307563 is divided by 3554?
7
What is the remainder when 1091799 is divided by 1508?
7
Calcula